mmon divisor of 6 and 2920186.
2
What is the highest common divisor of 14125528 and 28?
4
What is the greatest common divisor of 3945518 and 856?
214
Calculate the greatest common factor of 314928 and 1440.
144
Calculate the highest common factor of 70362 and 32651877.
3909
What is the highest common factor of 9087356 and 32?
4
Calculate the highest common factor of 3603519192 and 49.
49
Calculate the highest common divisor of 316305 and 1980.
495
What is the greatest common factor of 38997 and 57017947?
4333
Calculate the highest common factor of 295157116 and 4.
4
What is the greatest common divisor of 13216 and 16500884?
236
Calculate the highest common divisor of 175 and 6885137.
7
Calculate the greatest common divisor of 7 and 34806842.
7
What is the highest common factor of 564 and 18543936?
12
Calculate the highest common factor of 2655684 and 10224.
2556
Calculate the greatest common divisor of 192 and 44817.
3
What is the highest common divisor of 3647504 and 3654?
406
Calculate the greatest common divisor of 447026589 and 9.
9
Calculate the highest common divisor of 44 and 1798875452.
44
Calculate the highest common divisor of 51427 and 556.
1
Calculate the highest common divisor of 24 and 2618608.
8
What is the highest common factor of 8 and 47136161?
1
Calculate the greatest common divisor of 12 and 7169063.
1
What is the greatest common factor of 1402524 and 36?
36
What is the greatest common divisor of 46838 and 1460494?
4258
What is the greatest common divisor of 44 and 545818075?
11
Calculate the highest common factor of 10840 and 23521445.
1355
What is the highest common factor of 196144 and 8368?
16
What is the greatest common factor of 880 and 1817420?
220
Calculate the highest common divisor of 310020 and 47145.
15
What is the greatest common factor of 147976698 and 4188?
2094
Calculate the greatest common divisor of 229124 and 18062219.
1169
Calculate the greatest common divisor of 891 and 391329.
9
Calculate the greatest common divisor of 28202653 and 1247407.
9379
What is the greatest common factor of 1282191 and 1395?
93
What is the highest common factor of 18 and 1016127?
9
What is the highest common divisor of 681 and 21819694?
227
Calculate the greatest common divisor of 2035582 and 1808.
226
Calculate the greatest common divisor of 79664 and 749528.
104
What is the highest common factor of 9630 and 44490?
30
Calculate the greatest common factor of 474026 and 298018.
98
What is the greatest common factor of 1989 and 3482076?
663
Calculate the highest common factor of 85592805 and 411.
411
What is the highest common factor of 3753255 and 16555?
2365
What is the highest common divisor of 268438 and 198?
2
Calculate the greatest common factor of 1837060 and 775.
155
Calculate the highest common factor of 7575618 and 22976.
718
What is the highest common divisor of 18548124 and 4788?
84
What is the highest common factor of 28947997 and 13?
13
What is the highest common divisor of 24154470 and 1080?
270
What is the greatest common divisor of 1986 and 5391328?
662
What is the highest common factor of 164886769 and 1121?
1121
Calculate the greatest common divisor of 4511943 and 3339.
477
Calculate the greatest common factor of 84 and 1953208068.
84
What is the highest common divisor of 110 and 583686994?
22
What is the highest common factor of 164232 and 12888?
72
Calculate the highest common factor of 10041264 and 39024.
144
What is the greatest common divisor of 29294 and 1552?
194
What is the highest common divisor of 1274 and 848638?
14
What is the greatest common factor of 1344 and 191930592?
672
Calculate the greatest common factor of 304189490 and 220.
110
Calculate the greatest common factor of 108196438 and 14.
14
Calculate the greatest common divisor of 43442811 and 100251.
2133
What is the highest common divisor of 80816365 and 112?
7
Calculate the highest common factor of 401061100 and 176.
44
What is the greatest common factor of 4326 and 69603177?
2163
What is the highest common factor of 2497 and 5009209?
227
Calculate the highest common divisor of 627 and 14092737.
57
What is the greatest common divisor of 984 and 188000088?
984
What is the greatest common factor of 47820 and 15570?
30
Calculate the highest common divisor of 81919171 and 461820.
7697
What is the greatest common factor of 11587078 and 115?
23
Calculate the greatest common factor of 48 and 4398664.
8
Calculate the highest common factor of 512694 and 4032.
126
What is the highest common divisor of 123825 and 55635525?
9525
What is the highest common factor of 28230577 and 14963?
1151
Calculate the greatest common factor of 339535 and 52115.
35
What is the highest common divisor of 551977 and 79919?
233
What is the highest common factor of 116409495 and 1023?
93
Calculate the greatest common factor of 7332490 and 1430.
110
Calculate the highest common divisor of 19598630 and 710.
10
Calculate the highest common divisor of 425 and 21041875.
25
What is the greatest common divisor of 6675838 and 6?
2
Calculate the highest common divisor of 69296 and 488906.
142
What is the highest common factor of 14416 and 120045?
53
What is the greatest common factor of 10 and 3247495830?
10
Calculate the highest common factor of 15978 and 3807.
3
What is the highest common divisor of 2716274 and 25408?
794
What is the highest common factor of 2475 and 33852225?
825
Calculate the greatest common factor of 10105 and 849760.
235
Calculate the highest common divisor of 192395 and 9240.
35
Calculate the highest common factor of 29 and 9656884.
29
What is the greatest common factor of 9205492 and 49876?
1348
Calculate the greatest common divisor of 1045787680 and 16.
16
Calculate the greatest common divisor of 150454180 and 60.
20
Calculate the greatest common divisor of 3200 and 891950.
50
What is the highest common divisor of 136 and 3783503?
17
What is the greatest common factor of 58662789 and 2151?
717
What is the highest common divisor of 3192 and 10139616?
456
Calculate the highest common divisor of 71848448 and 896.
896
Calculate the highest common divisor of 1603 and 77930074.
229
Calculate the greatest common factor of 4312 and 1484120.
88
What is the greatest common divisor of 8 and 486078224?
8
What is the greatest common divisor of 3956146 and 196658?
2554
What is the highest common divisor of 684 and 198216?
36
What is the highest common divisor of 53661 and 4371?
93
Calculate the greatest common factor of 2010801 and 705.
141
What is the greatest common divisor of 316959120 and 16?
16
Calculate the greatest common divisor of 1365865 and 17.
17
What is the highest common divisor of 2295819 and 948?
237
Calculate the greatest common factor of 5992 and 41133582.
1498
Calculate the greatest common divisor of 98721330 and 195.
15
What is the highest common factor of 4128680 and 40?
40
Calculate the highest common factor of 101061 and 25821.
171
Calculate the highest common divisor of 20350869 and 43197.
2541
What is the highest common divisor of 143728 and 2930531?
691
Calculate the greatest common divisor of 55 and 12533015.
55
Calculate the highest common divisor of 156864 and 4198848.
3648
What is the greatest common factor of 21898368 and 6960?
48
What is the greatest common divisor of 70 and 17250065?
35
Calculate the greatest common factor of 13604 and 73872.
76
Calculate the highest common divisor of 3784333 and 91.
7
What is the highest common factor of 1694 and 27334142?
242
What is the greatest common divisor of 31379750 and 2046?
62
Calculate the greatest common divisor of 132253 and 2379461.
1093
Calculate the highest common factor of 13265 and 44765.
35
Calculate the greatest common factor of 2992 and 5912668.
68
Calculate the greatest common divisor of 44 and 55255706.
22
Calculate the greatest common factor of 77532 and 35308.
364
What is the highest common factor of 4914 and 57013866?
1638
What is the greatest common divisor of 16756 and 2487698?
142
Calculate the highest common factor of 847426704 and 1968.
1968
What is the greatest common divisor of 615 and 30599370?
15
Calculate the greatest common factor of 19 and 1193185256.
19
What is the greatest common divisor of 5879732 and 32?
4
What is the highest common factor of 75 and 26421